[INFO] cloning repository https://github.com/Phryxia/swc-plugin-tutorial-seems-broken
[INFO] running `Command { std: "git" "-c" "credential.helper=" "-c" "credential.helper=/workspace/cargo-home/bin/git-credential-null" "clone" "--bare" "https://github.com/Phryxia/swc-plugin-tutorial-seems-broken" "/workspace/cache/git-repos/https%3A%2F%2Fgithub.com%2FPhryxia%2Fswc-plugin-tutorial-seems-broken", kill_on_drop: false }`
[INFO] [stderr] Cloning into bare repository '/workspace/cache/git-repos/https%3A%2F%2Fgithub.com%2FPhryxia%2Fswc-plugin-tutorial-seems-broken'...
[INFO] running `Command { std: "git" "rev-parse" "HEAD", kill_on_drop: false }`
[INFO] [stdout] cc5b50579d168a5a1981e37f2763c16f94412053
[INFO] checking Phryxia/swc-plugin-tutorial-seems-broken against master#9610dfe5a9a731ced1ea4923ecbd0c57fe367898 for beta-170-4
[INFO] running `Command { std: "git" "clone" "/workspace/cache/git-repos/https%3A%2F%2Fgithub.com%2FPhryxia%2Fswc-plugin-tutorial-seems-broken" "/workspace/builds/worker-4-tc1/source", kill_on_drop: false }`
[INFO] [stderr] Cloning into '/workspace/builds/worker-4-tc1/source'...
[INFO] [stderr] done.
[INFO] validating manifest of git repo https://github.com/Phryxia/swc-plugin-tutorial-seems-broken on toolchain 9610dfe5a9a731ced1ea4923ecbd0c57fe367898
[INFO] running `Command { std: CARGO_HOME="/workspace/cargo-home" RUSTUP_HOME="/workspace/rustup-home" "/workspace/cargo-home/bin/cargo" "+9610dfe5a9a731ced1ea4923ecbd0c57fe367898" "metadata" "--manifest-path" "Cargo.toml" "--no-deps", kill_on_drop: false }`
[INFO] removed /workspace/builds/worker-4-tc1/source/.cargo/config
[INFO] started tweaking git repo https://github.com/Phryxia/swc-plugin-tutorial-seems-broken
[INFO] finished tweaking git repo https://github.com/Phryxia/swc-plugin-tutorial-seems-broken
[INFO] tweaked toml for git repo https://github.com/Phryxia/swc-plugin-tutorial-seems-broken written to /workspace/builds/worker-4-tc1/source/Cargo.toml
[INFO] crate git repo https://github.com/Phryxia/swc-plugin-tutorial-seems-broken already has a lockfile, it will not be regenerated
[INFO] running `Command { std: CARGO_HOME="/workspace/cargo-home" RUSTUP_HOME="/workspace/rustup-home" "/workspace/cargo-home/bin/cargo" "+9610dfe5a9a731ced1ea4923ecbd0c57fe367898" "fetch" "--manifest-path" "Cargo.toml", kill_on_drop: false }`
[INFO] [stderr]     Updating crates.io index
[INFO] [stderr]  Downloading crates ...
[INFO] [stderr]   Downloaded swc_plugin v0.89.0
[INFO] running `Command { std: "docker" "create" "-v" "/var/lib/crater-agent-workspace/builds/worker-4-tc1/target:/opt/rustwide/target:rw,Z" "-v" "/var/lib/crater-agent-workspace/builds/worker-4-tc1/source:/opt/rustwide/workdir:ro,Z" "-v" "/var/lib/crater-agent-workspace/cargo-home:/opt/rustwide/cargo-home:ro,Z" "-v" "/var/lib/crater-agent-workspace/rustup-home:/opt/rustwide/rustup-home:ro,Z" "-e" "SOURCE_DIR=/opt/rustwide/workdir" "-e" "CARGO_TARGET_DIR=/opt/rustwide/target" "-e" "CARGO_HOME=/opt/rustwide/cargo-home" "-e" "RUSTUP_HOME=/opt/rustwide/rustup-home" "-w" "/opt/rustwide/workdir" "-m" "1610612736" "--user" "0:0" "--network" "none" "ghcr.io/rust-lang/crates-build-env/linux@sha256:19e73879b68f455e41552ea35293514db52ea292d993f571636dbffedb77a1ee" "/opt/rustwide/cargo-home/bin/cargo" "+9610dfe5a9a731ced1ea4923ecbd0c57fe367898" "metadata" "--no-deps" "--format-version=1", kill_on_drop: false }`
[INFO] [stdout] a7545abc69c0e6708b1d5164f019cce3b7504909acc9bd74d0ab3a45fabd2cd8
[INFO] running `Command { std: "docker" "start" "-a" "a7545abc69c0e6708b1d5164f019cce3b7504909acc9bd74d0ab3a45fabd2cd8", kill_on_drop: false }`
[INFO] running `Command { std: "docker" "inspect" "a7545abc69c0e6708b1d5164f019cce3b7504909acc9bd74d0ab3a45fabd2cd8", kill_on_drop: false }`
[INFO] running `Command { std: "docker" "rm" "-f" "a7545abc69c0e6708b1d5164f019cce3b7504909acc9bd74d0ab3a45fabd2cd8", kill_on_drop: false }`
[INFO] [stdout] a7545abc69c0e6708b1d5164f019cce3b7504909acc9bd74d0ab3a45fabd2cd8
[INFO] running `Command { std: "docker" "create" "-v" "/var/lib/crater-agent-workspace/builds/worker-4-tc1/target:/opt/rustwide/target:rw,Z" "-v" "/var/lib/crater-agent-workspace/builds/worker-4-tc1/source:/opt/rustwide/workdir:ro,Z" "-v" "/var/lib/crater-agent-workspace/cargo-home:/opt/rustwide/cargo-home:ro,Z" "-v" "/var/lib/crater-agent-workspace/rustup-home:/opt/rustwide/rustup-home:ro,Z" "-e" "SOURCE_DIR=/opt/rustwide/workdir" "-e" "CARGO_TARGET_DIR=/opt/rustwide/target" "-e" "CARGO_INCREMENTAL=0" "-e" "RUST_BACKTRACE=full" "-e" "RUSTFLAGS=--cap-lints=forbid" "-e" "RUSTDOCFLAGS=--cap-lints=forbid" "-e" "CARGO_HOME=/opt/rustwide/cargo-home" "-e" "RUSTUP_HOME=/opt/rustwide/rustup-home" "-w" "/opt/rustwide/workdir" "-m" "1610612736" "--user" "0:0" "--network" "none" "ghcr.io/rust-lang/crates-build-env/linux@sha256:19e73879b68f455e41552ea35293514db52ea292d993f571636dbffedb77a1ee" "/opt/rustwide/cargo-home/bin/cargo" "+9610dfe5a9a731ced1ea4923ecbd0c57fe367898" "check" "--frozen" "--all" "--all-targets" "--message-format=json", kill_on_drop: false }`
[INFO] [stdout] e9b329dc86b928c21e35ebf6bf9310b546402b0226ea85b63b952b6cd2b2abb5
[INFO] running `Command { std: "docker" "start" "-a" "e9b329dc86b928c21e35ebf6bf9310b546402b0226ea85b63b952b6cd2b2abb5", kill_on_drop: false }`
[INFO] [stderr]    Compiling serde v1.0.143
[INFO] [stderr]     Checking once_cell v1.13.0
[INFO] [stderr]     Checking swc_plugin v0.89.0
[INFO] [stderr]     Checking my-first-plugin v0.1.0 (/opt/rustwide/workdir)
[INFO] [stdout] error[E0433]: failed to resolve: could not find `utils` in `swc_plugin`
[INFO] [stdout]  --> src/lib.rs:2:17
[INFO] [stdout]   |
[INFO] [stdout] 2 | use swc_plugin::utils::swc_common::Spanned;
[INFO] [stdout]   |                 ^^^^^ could not find `utils` in `swc_plugin`
[INFO] [stdout] 
[INFO] [stdout] 
[INFO] [stdout] error[E0432]: unresolved imports `swc_plugin::ast`, `swc_plugin::plugin_transform`, `swc_plugin::TransformPluginProgramMetadata`
[INFO] [stdout]  --> src/lib.rs:1:18
[INFO] [stdout]   |
[INFO] [stdout] 1 | use swc_plugin::{ast::*, plugin_transform, TransformPluginProgramMetadata};
[INFO] [stdout]   |                  ^^^     ^^^^^^^^^^^^^^^^  ^^^^^^^^^^^^^^^^^^^^^^^^^^^^^^ no `TransformPluginProgramMetadata` in the root
[INFO] [stdout]   |                  |       |
[INFO] [stdout]   |                  |       no `plugin_transform` in the root
[INFO] [stdout]   |                  could not find `ast` in `swc_plugin`
[INFO] [stdout] 
[INFO] [stdout] 
[INFO] [stdout] error: cannot determine resolution for the attribute macro `plugin_transform`
[INFO] [stdout]   --> src/lib.rs:35:3
[INFO] [stdout]    |
[INFO] [stdout] 35 | #[plugin_transform]
[INFO] [stdout]    |   ^^^^^^^^^^^^^^^^
[INFO] [stdout]    |
[INFO] [stdout]    = note: import resolution is stuck, try simplifying macro imports
[INFO] [stdout] 
[INFO] [stdout] 
[INFO] [stdout] error: cannot find macro `op` in this scope
[INFO] [stdout]   --> src/lib.rs:10:20
[INFO] [stdout]    |
[INFO] [stdout] 10 |         if e.op == op!("===") {
[INFO] [stdout]    |                    ^^
[INFO] [stdout] 
[INFO] [stdout] 
[INFO] [stdout] error[E0433]: failed to resolve: could not find `utils` in `swc_plugin`
[INFO] [stdout]  --> src/lib.rs:2:17
[INFO] [stdout]   |
[INFO] [stdout] 2 | use swc_plugin::utils::swc_common::Spanned;
[INFO] [stdout]   |                 ^^^^^ could not find `utils` in `swc_plugin`
[INFO] [stdout] 
[INFO] [stdout] 
[INFO] [stdout] error[E0432]: unresolved imports `swc_plugin::ast`, `swc_plugin::plugin_transform`, `swc_plugin::TransformPluginProgramMetadata`
[INFO] [stdout]  --> src/lib.rs:1:18
[INFO] [stdout]   |
[INFO] [stdout] 1 | use swc_plugin::{ast::*, plugin_transform, TransformPluginProgramMetadata};
[INFO] [stdout]   |                  ^^^     ^^^^^^^^^^^^^^^^  ^^^^^^^^^^^^^^^^^^^^^^^^^^^^^^ no `TransformPluginProgramMetadata` in the root
[INFO] [stdout]   |                  |       |
[INFO] [stdout]   |                  |       no `plugin_transform` in the root
[INFO] [stdout]   |                  could not find `ast` in `swc_plugin`
[INFO] [stdout] 
[INFO] [stdout] 
[INFO] [stdout] error: cannot determine resolution for the attribute macro `plugin_transform`
[INFO] [stdout]   --> src/lib.rs:35:3
[INFO] [stdout]    |
[INFO] [stdout] 35 | #[plugin_transform]
[INFO] [stdout]    |   ^^^^^^^^^^^^^^^^
[INFO] [stdout]    |
[INFO] [stdout]    = note: import resolution is stuck, try simplifying macro imports
[INFO] [stdout] 
[INFO] [stdout] 
[INFO] [stdout] error: cannot find macro `op` in this scope
[INFO] [stdout]   --> src/lib.rs:10:20
[INFO] [stdout]    |
[INFO] [stdout] 10 |         if e.op == op!("===") {
[INFO] [stdout]    |                    ^^
[INFO] [stdout] 
[INFO] [stdout] 
[INFO] [stdout] error[E0405]: cannot find trait `VisitMut` in this scope
[INFO] [stdout]  --> src/lib.rs:6:6
[INFO] [stdout]   |
[INFO] [stdout] 6 | impl VisitMut for TransformVisitor {
[INFO] [stdout]   |      ^^^^^^^^ not found in this scope
[INFO] [stdout] 
[INFO] [stdout] 
[INFO] [stdout] error[E0412]: cannot find type `BinExpr` in this scope
[INFO] [stdout]  --> src/lib.rs:7:46
[INFO] [stdout]   |
[INFO] [stdout] 7 |     fn visit_mut_bin_expr(&mut self, e: &mut BinExpr) {
[INFO] [stdout]   |                                              ^^^^^^^ not found in this scope
[INFO] [stdout] 
[INFO] [stdout] 
[INFO] [stdout] error[E0412]: cannot find type `Program` in this scope
[INFO] [stdout]   --> src/lib.rs:36:35
[INFO] [stdout]    |
[INFO] [stdout] 36 | pub fn process_transform(program: Program, _metadata: TransformPluginProgramMetadata) -> Program {
[INFO] [stdout]    |                                   ^^^^^^^ not found in this scope
[INFO] [stdout] 
[INFO] [stdout] 
[INFO] [stdout] error[E0412]: cannot find type `Program` in this scope
[INFO] [stdout]   --> src/lib.rs:36:90
[INFO] [stdout]    |
[INFO] [stdout] 36 | pub fn process_transform(program: Program, _metadata: TransformPluginProgramMetadata) -> Program {
[INFO] [stdout]    |                                                                                          ^^^^^^^ not found in this scope
[INFO] [stdout] 
[INFO] [stdout] 
[INFO] [stdout] error[E0405]: cannot find trait `VisitMut` in this scope
[INFO] [stdout]  --> src/lib.rs:6:6
[INFO] [stdout]   |
[INFO] [stdout] 6 | impl VisitMut for TransformVisitor {
[INFO] [stdout]   |      ^^^^^^^^ not found in this scope
[INFO] [stdout] 
[INFO] [stdout] 
[INFO] [stdout] error[E0412]: cannot find type `BinExpr` in this scope
[INFO] [stdout]  --> src/lib.rs:7:46
[INFO] [stdout]   |
[INFO] [stdout] 7 |     fn visit_mut_bin_expr(&mut self, e: &mut BinExpr) {
[INFO] [stdout]   |                                              ^^^^^^^ not found in this scope
[INFO] [stdout] 
[INFO] [stdout] 
[INFO] [stdout] error[E0412]: cannot find type `Program` in this scope
[INFO] [stdout]   --> src/lib.rs:36:35
[INFO] [stdout]    |
[INFO] [stdout] 36 | pub fn process_transform(program: Program, _metadata: TransformPluginProgramMetadata) -> Program {
[INFO] [stdout]    |                                   ^^^^^^^ not found in this scope
[INFO] [stdout] 
[INFO] [stdout] 
[INFO] [stdout] error[E0412]: cannot find type `Program` in this scope
[INFO] [stdout]   --> src/lib.rs:36:90
[INFO] [stdout]    |
[INFO] [stdout] 36 | pub fn process_transform(program: Program, _metadata: TransformPluginProgramMetadata) -> Program {
[INFO] [stdout]    |                                                                                          ^^^^^^^ not found in this scope
[INFO] [stdout] 
[INFO] [stdout] 
[INFO] [stderr] error: could not compile `my-first-plugin` (lib test) due to 11 previous errors
[INFO] [stderr] warning: build failed, waiting for other jobs to finish...
[INFO] [stderr] error: could not compile `my-first-plugin` (lib) due to 11 previous errors
[INFO] [stdout] error[E0433]: failed to resolve: use of undeclared type `Ident`
[INFO] [stdout]   --> src/lib.rs:11:22
[INFO] [stdout]    |
[INFO] [stdout] 11 |             e.left = Ident::new("kdy1".into(), e.left.span()).into();
[INFO] [stdout]    |                      ^^^^^ use of undeclared type `Ident`
[INFO] [stdout] 
[INFO] [stdout] 
[INFO] [stdout] error[E0425]: cannot find function `as_folder` in this scope
[INFO] [stdout]   --> src/lib.rs:37:28
[INFO] [stdout]    |
[INFO] [stdout] 37 |     program.fold_with(&mut as_folder(TransformVisitor))
[INFO] [stdout]    |                            ^^^^^^^^^ not found in this scope
[INFO] [stdout] 
[INFO] [stdout] 
[INFO] [stdout] error: aborting due to 10 previous errors
[INFO] [stdout] 
[INFO] [stdout] 
[INFO] [stdout] Some errors have detailed explanations: E0405, E0412, E0425, E0432, E0433.
[INFO] [stdout] 
[INFO] [stdout] For more information about an error, try `rustc --explain E0405`.
[INFO] [stdout] 
[INFO] [stdout] error[E0433]: failed to resolve: use of undeclared type `Ident`
[INFO] [stdout]   --> src/lib.rs:11:22
[INFO] [stdout]    |
[INFO] [stdout] 11 |             e.left = Ident::new("kdy1".into(), e.left.span()).into();
[INFO] [stdout]    |                      ^^^^^ use of undeclared type `Ident`
[INFO] [stdout] 
[INFO] [stdout] 
[INFO] [stdout] error[E0425]: cannot find function `as_folder` in this scope
[INFO] [stdout]   --> src/lib.rs:37:28
[INFO] [stdout]    |
[INFO] [stdout] 37 |     program.fold_with(&mut as_folder(TransformVisitor))
[INFO] [stdout]    |                            ^^^^^^^^^ not found in this scope
[INFO] [stdout] 
[INFO] [stdout] 
[INFO] [stdout] error: aborting due to 10 previous errors
[INFO] [stdout] 
[INFO] [stdout] 
[INFO] [stdout] Some errors have detailed explanations: E0405, E0412, E0425, E0432, E0433.
[INFO] [stdout] 
[INFO] [stdout] For more information about an error, try `rustc --explain E0405`.
[INFO] [stdout] 
[INFO] running `Command { std: "docker" "inspect" "e9b329dc86b928c21e35ebf6bf9310b546402b0226ea85b63b952b6cd2b2abb5", kill_on_drop: false }`
[INFO] running `Command { std: "docker" "rm" "-f" "e9b329dc86b928c21e35ebf6bf9310b546402b0226ea85b63b952b6cd2b2abb5", kill_on_drop: false }`
[INFO] [stdout] e9b329dc86b928c21e35ebf6bf9310b546402b0226ea85b63b952b6cd2b2abb5
